2339913 a composite number?
False
Is 5824729321 composite?
False
Is 910919747 composite?
False
Is 330694531 prime?
True
Is 2045073893 a prime number?
True
Is 8360000239 a prime number?
False
Is 8479971727 a composite number?
False
Is 776896817 composite?
False
Is 1020930787 composite?
False
Is 12778689967 a composite number?
True
Is 266394103 composite?
False
Is 7268934317 a composite number?
True
Is 15803560849 composite?
True
Is 62981644691 prime?
False
Is 10070773279 prime?
False
Is 33863110579 a composite number?
True
Is 33945805379 a prime number?
False
Is 254425159 composite?
False
Is 6074573293 a prime number?
True
Is 493613431 a composite number?
True
Is 403257260173 a prime number?
True
Is 377779921 prime?
True
Is 116109173909 a composite number?
True
Is 337814527 prime?
False
Is 2009244161 composite?
True
Is 445113017 a composite number?
False
Is 26176134203 a composite number?
True
Is 983100779 a composite number?
False
Is 8502282779 a prime number?
True
Is 3553439917 composite?
False
Is 895294597 composite?
True
Is 2741262361 a composite number?
True
Is 493212907 prime?
False
Is 120112747 a prime number?
False
Is 256602334993 composite?
False
Is 650218687 prime?
True
Is 323385607 prime?
False
Is 10462998809 prime?
False
Is 9110218849 a prime number?
True
Is 5261051 a composite number?
False
Is 1983756491 prime?
True
Is 15557904533 a prime number?
True
Is 264684409 a prime number?
False
Is 30089038097 composite?
True
Is 290726729 prime?
True
Is 49235597 a composite number?
False
Is 13076234923 a composite number?
False
Is 11060877013 a prime number?
False
Is 47673235817 a composite number?
False
Is 17208154 prime?
False
Is 531970401 prime?
False
Is 50667100151 a composite number?
False
Is 74399167079 a prime number?
True
Is 3771732911 composite?
False
Is 14762186783 a composite number?
True
Is 949443227 a prime number?
True
Is 4617819007 composite?
False
Is 18871849823 a prime number?
False
Is 117099650231 prime?
True
Is 10650677 prime?
True
Is 15802362239 a prime number?
True
Is 108009445043 a composite number?
True
Is 1639392955 composite?
True
Is 464435887 a prime number?
True
Is 340160934623 composite?
True
Is 1431214711 composite?
True
Is 23543806411 composite?
True
Is 13796692781 a prime number?
False
Is 335861219 prime?
True
Is 11903267477 a prime number?
False
Is 880228919 a prime number?
False
Is 2440498273 prime?
True
Is 31983144329 a prime number?
True
Is 5739297321 prime?
False
Is 30266901683 prime?
False
Is 406724467 composite?
False
Is 4000277389 prime?
False
Is 1164609029 prime?
True
Is 355020475657 a composite number?
False
Is 62190803 composite?
False
Is 8216484799 prime?
True
Is 2876439497 prime?
False
Is 919059289 a prime number?
True
Is 7590523799 a composite number?
False
Is 26201524961 prime?
True
Is 9555911693 composite?
False
Is 56777782481 composite?
True
Is 10660910599 a composite number?
True
Is 1097565361 prime?
False
Is 160539859 prime?
True
Is 1688483785 prime?
False
Is 19687580851 a prime number?
False
Is 541748411 a prime number?
True
Is 398009539 a composite number?
True
Is 8093055349 composite?
True
Is 9009289559 composite?
False
Is 2607012311 prime?
False
Is 97298143 a composite number?
False
Is 14999392039 composite?
True
Is 3818164937 a prime number?
True
Is 281386549 a composite number?
False
Is 8517101363 a prime number?
True
Is 74833483799 a composite number?
False
Is 5430153761 a composite number?
True
Is 870728401 a prime number?
True
Is 25764864127 a composite number?
False
Is 42348476077 a prime number?
True
Is 27513313517 composite?
True
Is 54792817 a composite number?
True
Is 44071255693 prime?
True
Is 454382429 a prime number?
False
Is 82140251 a prime number?
True
Is 11336401009 prime?
False
Is 6549227378 a composite number?
True
Is 123125486177 a prime number?
False
Is 1869538849 a prime number?
False
Is 2723225177 a composite number?
True
Is 3182589271 prime?
False
Is 50388553 a prime number?
False
Is 60453546883 composite?
False
Is 586809283 composite?
False
Is 102787270837 a composite number?
False
Is 1376085289 a composite number?
True
Is 865825021 composite?
False
Is 1412900479 composite?
False
Is 2161188181 composite?
True
Is 109461129 prime?
False
Is 1346827003 prime?
True
Is 3449081071 a composite number?
True
Is 30682865107 a composite number?
True
Is 3476407621 composite?
False
Is 98098964021 a prime number?
True
Is 82349303 composite?
False
Is 806724343 a prime number?
True
Is 13549782229 a composite number?
True
Is 538502549 prime?
False
Is 1877416019 composite?
False
Is 44923993 prime?
True
Is 1449921821 prime?
True
Is 24822837289 a prime number?
True
Is 17968598301 a prime number?
False
Is 666732551 composite?
False
Is 2053435711 a composite number?
True
Is 2837577493 prime?
True
Is 930966629 a composite number?
False
Is 3444232747 composite?
True
Is 36417122429 a prime number?
True
Is 1640025759 a composite number?
True
Is 91921746547 a composite number?
False
Is 5551129789 a composite number?
True
Is 13694483669 prime?
False
Is 8618392241 prime?
False
Is 113574539 composite?
True
Is 1609806763 prime?
True
Is 4192055741 prime?
True
Is 673851253 composite?
True
Is 349144885 composite?
True
Is 1137271189 composite?
False
Is 257958622123 a composite number?
False
Is 56016525079 prime?
True
Is 60332398153 a composite number?
False
Is 1005853949 a composite number?
True
Is 183991762871 a prime number?
False
Is 10093195643 a composite number?
False
Is 557250461 composite?
False
Is 1266241553 composite?
False
Is 583990301 prime?
True
Is 9851316131 a prime number?
False
Is 434086463 prime?
True
Is 2117160713 a prime number?
True
Is 202662557 prime?
False
Is 18006578957 a composite number?
False
Is 139894828591 a composite number?
True
Is 89010205811 a composite number?
False
Is 5220066851 composite?
True
Is 486764881 a composite number?
True
Is 4605182453 prime?
False
Is 227178689 prime?
True
Is 14349091331 prime?
False
Is 8995252303 prime?
True
Is 804512803 a prime number?
True
Is 2086178629 a prime number?
False
Is 6030594989 a prime number?
True
Is 32406499 a prime number?
False
Is 18855057059 a composite number?
False
Is 15852115 a prime number?
False
Is 35047513 a prime number?
True
Is 119539457 composite?
True
Is 8494517869 a prime number?
False
Is 11730749 composite?
False
Is 11910141134 composite?
True
Is 996993731 prime?
True
Is 938080831 a composite number?
False
Is 2624477333 composite?
False
Is 4476211319 composite?
True
Is 2081250403 composite?
False
Is 1302959107 a prime number?
False
Is 21531967939 a prime number?
True
Is 3307271437 a prime number?
False
Is 36732284401 a composite number?
True
Is 31765278131 prime?
True
Is 36830688023 a prime number?
False
Is 423761677 a prime number?
False
Is 105514842533 a composite number?
True
Is 845601541 composite?
True
Is 291625861 a prime number?
True
Is 19274768213 a prime number?
True
Is 2472703267 a prime number?
True
Is 11122064273 composite?
True
Is 190786567 composite?
False
Is 5155118135 composite?
True
Is 4953978527 prime?
False
Is 12607160119 prime?
True
Is 625363001 composite?
True
Is 745623075853 composite?
False
Is 18820801229 a composite number?
True
Is 30175199 composite?
True
Is 36755212139 a composite number?
False
Is 97924368787 prime?
False
Is 394270417 a prime number?
False
Is 100310138651 a prime number?
True
Is 58527513757 a composite number?
False
Is 3760356863 a prime number?
True
Is 2699928893 a prime number?
True
Is 762234481 a composite number?
False
Is 2377777449 composite?
True
Is 24696988653 a composite number?
True
Is 2170056197 composite?
False
Is 145611523 prime?
False
Is 153085958 prime?
False
Is 155577348977 a prime number?
True
Is 15148047161 a prime number?
False
Is 26258434409 a composite number?
False
Is 31215236818 a prime number?
False
Is 28660567493 composite?
True
Is 2157159217 composite?
False
Is 39879848483 composite?
True
Is 704416001 composite?
False
Is 4984728487 a prime number?
True
Is 22460359403 a prime number?
True
Is 3184184489 composite?
False
Is 7233026179 composite?
False
Is 13904822417 a composite number?
True
Is 97458605753 composite?
False
Is 85565097461 composite?
False
Is 874501247 a prime number?
False
Is 20911574219 a prime number?
True
Is 5142502061 a com